the highest common factor of 2376 and 88?
88
What is the greatest common factor of 94 and 20?
2
What is the greatest common divisor of 17184 and 96?
96
What is the greatest common factor of 91 and 56?
7
What is the greatest common factor of 4480 and 70?
70
Calculate the highest common factor of 220 and 132.
44
Calculate the greatest common factor of 2758 and 154.
14
Calculate the greatest common factor of 380 and 1216.
76
Calculate the highest common factor of 748 and 527.
17
Calculate the greatest common divisor of 98 and 3962.
14
What is the greatest common divisor of 16954 and 173?
173
What is the highest common divisor of 5025 and 804?
201
Calculate the greatest common divisor of 56 and 161.
7
Calculate the greatest common divisor of 1380 and 120.
60
Calculate the highest common factor of 36 and 64.
4
Calculate the highest common factor of 2146 and 74.
74
Calculate the greatest common divisor of 90 and 1863.
9
Calculate the highest common divisor of 74 and 10.
2
Calculate the highest common factor of 14 and 19908.
14
Calculate the highest common divisor of 3475 and 100.
25
What is the highest common factor of 96 and 416?
32
What is the highest common factor of 20 and 72?
4
Calculate the highest common factor of 63 and 42.
21
What is the highest common factor of 408 and 1870?
34
What is the highest common factor of 58880 and 230?
230
What is the highest common factor of 2673 and 121?
11
What is the greatest common divisor of 345 and 30?
15
Calculate the highest common factor of 209 and 11.
11
What is the greatest common divisor of 2448 and 357?
51
Calculate the greatest common factor of 756 and 6.
6
Calculate the highest common factor of 70 and 4070.
10
What is the highest common divisor of 385 and 140?
35
What is the highest common divisor of 237 and 408?
3
What is the greatest common factor of 8965 and 110?
55
Calculate the highest common factor of 561 and 165.
33
What is the highest common divisor of 84 and 882?
42
What is the greatest common factor of 3751 and 248?
31
What is the highest common divisor of 4 and 12196?
4
Calculate the highest common divisor of 14 and 28.
14
Calculate the greatest common divisor of 492 and 205.
41
Calculate the highest common factor of 37 and 148.
37
What is the highest common divisor of 255 and 85?
85
What is the highest common divisor of 730 and 1314?
146
What is the greatest common factor of 75 and 325?
25
Calculate the greatest common divisor of 34133 and 319.
319
Calculate the greatest common factor of 54 and 243.
27
What is the greatest common factor of 190 and 304?
38
What is the greatest common factor of 598 and 52?
26
Calculate the highest common factor of 14 and 1666.
14
Calculate the greatest common factor of 72 and 60.
12
What is the highest common divisor of 81 and 108?
27
What is the greatest common factor of 25 and 2025?
25
What is the greatest common factor of 221 and 136?
17
What is the greatest common factor of 2261 and 238?
119
Calculate the highest common factor of 4 and 76.
4
Calculate the greatest common divisor of 135 and 22599.
27
What is the greatest common divisor of 209 and 19?
19
What is the greatest common divisor of 26 and 2?
2
Calculate the greatest common divisor of 492 and 7.
1
Calculate the greatest common factor of 23 and 437.
23
What is the greatest common divisor of 2 and 18?
2
Calculate the highest common divisor of 34 and 391.
17
Calculate the greatest common divisor of 5487 and 124.
31
Calculate the greatest common divisor of 9 and 522.
9
Calculate the greatest common factor of 469 and 1541.
67
Calculate the highest common divisor of 80 and 1312.
16
What is the greatest common divisor of 459 and 1241?
17
Calculate the highest common divisor of 395 and 237.
79
Calculate the greatest common factor of 441 and 36.
9
Calculate the greatest common divisor of 252 and 28098.
126
Calculate the greatest common divisor of 3275 and 917.
131
What is the highest common divisor of 99 and 187?
11
What is the highest common factor of 192 and 66?
6
Calculate the greatest common divisor of 2691 and 46.
23
Calculate the highest common divisor of 6236 and 8.
4
Calculate the highest common divisor of 64 and 7984.
16
Calculate the highest common factor of 222 and 6.
6
What is the highest common divisor of 28 and 700?
28
Calculate the greatest common factor of 1085 and 14.
7
Calculate the highest common divisor of 10 and 3890.
10
What is the greatest common factor of 94 and 4982?
94
Calculate the highest common factor of 1664 and 52.
52
What is the greatest common factor of 11 and 187?
11
What is the greatest common factor of 30 and 50?
10
Calculate the highest common factor of 960 and 12.
12
Calculate the greatest common divisor of 14 and 9352.
14
Calculate the greatest common divisor of 243 and 4.
1
Calculate the highest common divisor of 102 and 10642.
34
Calculate the greatest common divisor of 81 and 1161.
27
Calculate the greatest common factor of 42 and 21.
21
What is the greatest common divisor of 4495 and 155?
155
Calculate the greatest common divisor of 23 and 3979.
23
What is the highest common divisor of 2278 and 938?
134
Calculate the greatest common divisor of 147 and 17640.
147
Calculate the greatest common divisor of 375 and 480.
15
What is the highest common divisor of 72 and 7344?
72
What is the greatest common divisor of 1900 and 20?
20
What is the highest common divisor of 84 and 132?
12
What is the greatest common divisor of 162 and 18?
18
What is the highest common divisor of 198 and 297?
99
Calculate the greatest common divisor of 624 and 585.
39
What is the greatest common factor of 15 and 320?
5
What is the highest common divisor of 1665 and 180?
45
Calculate the greatest common divisor of 21882 and 42.
42
What is the highest common divisor of 6358 and 22?
22
Calculate the highest common factor of 2119 and 489.
163
Calculate the greatest common factor of 10 and 67.
1
What is the greatest common factor of 323 and 532?
19
What is the greatest common divisor of 110 and 99?
11
What is the highest common factor of 300 and 105?
15
What is the highest common factor of 519 and 2249?
173
Calculate the greatest common divisor of 14 and 8582.
14
What is the greatest common factor of 75 and 192?
3
Calculate the highest common divisor of 90 and 30.
30
Calculate the highest common factor of 1110 and 2130.
30
What is the greatest common factor of 23 and 184?
23
Calculate the greatest common divisor of 429 and 39.
39
Calculate the greatest common factor of 187 and 153.
17
Calculate the greatest common divisor of 12371 and 139.
139
Calculate the greatest common factor of 2 and 23.
1
Calculate the highest common divisor of 176 and 368.
16
Calculate the highest common divisor of 21 and 896.
7
Calculate the highest common factor of 6 and 1446.
6
Calculate the highest common factor of 3850 and 8050.
350
What is the greatest common factor of 2378 and 164?
82
What is the greatest common factor of 8 and 16136?
8
What is the highest common factor of 9816 and 16?
8
What is the highest common factor of 965 and 20?
5
What is the highest common divisor of 33 and 44?
11
What is the highest common divisor of 6104 and 420?
28
What is the highest common factor of 3968 and 31?
31
What is the highest common divisor of 169 and 13?
13
What is the highest common divisor of 18 and 15138?
18
Calculate the highest common factor of 72 and 13590.
18
Calculate the greatest common factor of 3 and 810.
3
Calculate the highest common divisor of 14626 and 142.
142
Calculate the greatest common factor of 168 and 63.
21
Calculate the highest common factor of 378 and 14.
14
Calculate the greatest common divisor of 48 and 60.
12
Calculate the greatest common factor of 462 and 198.
66
Calculate the greatest common factor of 6 and 33.
3
What is the greatest common factor of 8 and 212?
4
What is the highest common factor of 264 and 1408?
88
Calculate the highest common factor of 2981 and 66.
11
What is the highest common factor of 2 and 25?
1
Calculate the greatest common divisor of 86 and 1118.
86
What is the greatest common divisor of 333 and 117?
9
Calculate the greatest common factor of 3933 and 57.
57
Calculate the highest common factor of 129 and 2.
1
What is the highest common factor of 5616 and 72?
72
What